 are the prime factors of (-6)/(-27) + (-106)/l?
2, 3
Let a be (1 + -1 - 0)/(-1). Let z be (-2*3)/(6/15). Let d = a - z. What are the prime factors of d?
3, 5
Let v = 6 - 3. Suppose 15 + 0 = v*i. What are the prime factors of i - -3*3/3?
2
Suppose 71*d = 74*d - 420. What are the prime factors of d?
2, 5, 7
Let a be (-9)/(-15) - (-204)/(-15). Let m = a + -11. List the prime factors of (m/20)/(3/(-20)).
2
Suppose -4*x - 30 = 2*b, -3*x + 2*x - b = 6. Let o be (-2)/6*(x - 0). Suppose 4*j - o*j = 3*v + 4, -5*v - 2 = -j. List the prime factors of j.
7
Suppose -2*n - 2 + 4 = 0. Let x = 6 + n. List the prime factors of x.
7
Let g(l) = 2*l - 6. Let k be g(5). Let d be -1*1 - (-31 + k). Suppose t - d = -4*f, 4 = 3*t + 4*f - 42. List the prime factors of t.
2, 5
Suppose 0*z = 2*z + 5*t + 5, -4*z = -4*t - 4. Let n(f) = -f + 61. List the prime factors of n(z).
61
Let k = 24 - 4. What are the prime factors of k?
2, 5
Let p(k) be the first derivative of 4*k**3/3 + k**2/2 - k + 1. What are the prime factors of p(-2)?
13
Suppose 5*j - 439 = -4*x, -3*x + 358 = j - 3*j. List the prime factors of x.
2, 29
Let x(p) = 4*p**2 + 16*p + 11. List the prime factors of x(-6).
59
Let w(g) = -g**3 - 2*g**2 - 4. Let m be ((-6)/(-18))/(2/(-18)). Let u be w(m). Suppose l = -u*q + 92, -q - 3*l + 5*l + 14 = 0. What are the prime factors of q?
2, 3
Suppose 2*s + 3 = s, -4*c + 2*s = -34. Suppose 10 - c = m. Suppose -m*y - 36 = -5*y. List the prime factors of y.
2, 3
Let w(y) = -2*y - 4. Suppose 5*n = -4*d - 0*n - 31, -3*n = 4*d + 25. Let p be w(d). Let k(g) = 2*g + 2. What are the prime factors of k(p)?
2, 5
Let r be (-2)/(1 + (-5)/3). Suppose 0 = r*b - 5*b - 10. Let v = b - -7. List the prime factors of v.
2
Let h = 118 + -83. What are the prime factors of h?
5, 7
Let m(c) = c - 4. Let r be m(3). Let g(a) = a**2 + a - 1. Let p(j) = 5*j**2 + 12*j - 4. Let b(i) = r*p(i) + 4*g(i). What are the prime factors of b(-7)?
7
Let r(y) = y**2 - 9*y + 3. Let s be r(7). Let t = -3 - s. List the prime factors of (t/(-10))/(4/(-10)).
2
Suppose a - 3 = 42. List the prime factors of a.
3, 5
Let b(r) = -r**3 - 7*r**2 - 9*r - 9. Let m be 2/9 + (-156)/(-27). Suppose -3*u - 4*j = m, 4*j = j + 9. What are the prime factors of b(u)?
3
Suppose -3*u = 4*s - 21, -3 = -5*s + u + 9. What are the prime factors of s/(6/26) + 0?
13
Suppose u = -u - 5*n + 46, 4*u + 3*n - 120 = 0. What are the prime factors of u?
3, 11
Suppose 0 = -4*w - 5*h + 218, h + 2 = 2*h. List the prime factors of w.
2, 13
Let n(v) = v**2 + 4*v + 5. Let u be n(-4). Suppose -u*m + 26 = 6. What are the prime factors of m + -2 + 2 + 1?
5
Suppose 0 = 3*s - 5 - 7. Suppose -5*k - s*r - 84 + 231 = 0, k = 2*r + 35. List the prime factors of k.
31
Let o(b) = 8*b**3 + 4*b**2 - 4*b - 5. Let p(u) = u**3 - u**2 + u + 1. Let y(i) = o(i) + 4*p(i). Let n be y(1). Let w = n + -4. List the prime factors of w.
7
List the prime factors of (-12)/(-1)*(-2)/(-3).
2
What are the prime factors of (964/(-12) - -2)/((-1)/3)?
5, 47
Let f be (1 + -2)/(-1 + 2). List the prime factors of 8/(-1)*(0 + f).
2
Let i(b) = -b**2 - 6*b + 13. Let w be i(-7). List the prime factors of (w/5)/(3/40).
2
Let v = -67 - -159. List the prime factors of v.
2, 23
Let o(k) = -3*k - 12. List the prime factors of o(-5).
3
Suppose -5*b = 3*w - 504, 2*b + 3*w - 207 = -0*w. List the prime factors of b.
3, 11
Let n(g) = 9*g**2 - 2*g - 1. List the prime factors of n(-1).
2, 5
Let a(f) = -f**3 + 5*f**2 + 9. What are the prime factors of a(5)?
3
Suppose -r - 4*f - 14 = 0, 2*f - 7*f = -2*r + 24. Suppose 0 = -5*t - 15, -p + t = r*t - 28. What are the prime factors of p?
31
Suppose -16*j + 17*j - 3*x = 95, 5*x = -5*j + 495. What are the prime factors of j?
2, 7
Let t = -23 - -26. Suppose -h + 5 = 0, -t*c - 2 = -2*h - 112. What are the prime factors of c?
2, 5
Let a = 27 + -20. List the prime factors of a.
7
Let g = -27 - -116. Suppose 5*c + p - 209 = -g, p - 5 = 0. List the prime factors of c.
23
Suppose 3*g + 7 = 4*c, 5*c - g - 2 + 7 = 0. List the prime factors of 33 + 1 - (-4)/c.
2
Let w(n) = n**2 - 2*n + 1. Let j be w(-3). Let s = -3 + j. What are the prime factors of s?
13
Suppose -3*l = -59 - 52. List the prime factors of l + (-2)/((-4)/6).
2, 5
Let g(p) = -4*p + 4. Suppose 6 = 8*q - 10*q. What are the prime factors of g(q)?
2
Let x = -10 + 4. Let d be (-20)/x*9/5. Suppose -2*c = -d*c + 76. What are the prime factors of c?
19
Let h = 343 - 175. List the prime factors of h.
2, 3, 7
Suppose y - 2 = -0*y. Suppose -y*r = -0*r - 26. List the prime factors of r.
13
Let q be ((-9)/(-27))/((-2)/(-30)). Suppose q*h + 4*l - 6 = 133, 3*l - 57 = -2*h. What are the prime factors of h?
3
Let y = 397 + -228. What are the prime factors of y?
13
Let p(o) = o**3 + 13*o**2 + o + 11. Let i be p(-13). Let q(r) = -4 - 5*r + 2 + 3. What are the prime factors of q(i)?
11
Let n = 1 - 4. What are the prime factors of (0 - n - 1) + 12?
2, 7
Let f(x) = x**2 + 8*x + 8. Let s be f(-7). Let r(d) = -d**2 + 4*d - 6. Let o be r(5). List the prime factors of -2 - (o + -3)/s.
2, 3
Let s(i) = -3*i. Let h be s(-1). Suppose -h*b = -4 - 26. What are the prime factors of b?
2, 5
Let g = 176 - -9. What are the prime factors of g?
5, 37
Suppose 218 = 5*m - c, m + 3*c = 15 + 19. Suppose -q + 3*h = -27, 2*h - m - 3 = -2*q. Let i = 44 - q. List the prime factors of i.
2, 5
Suppose 255 = -24*q + 29*q. List the prime factors of q.
3, 17
Let d = 7 - 11. Let v = d - -17. What are the prime factors of v?
13
Suppose -319 = -o - 93. What are the prime factors of o?
2, 113
Let x(p) = 5*p + 17. List the prime factors of x(-3).
2
Suppose -4*q = -2*c - 788, q - 230 = 4*c - 19. List the prime factors of q.
3, 5, 13
Suppose 0*d + 15 = 5*d. Suppose 0*z = -d*z. Suppose z = 4*h + h - 55. What are the prime factors of h?
11
What are the prime factors of 14/35 + (-278)/(-5)?
2, 7
Let y(a) = 0*a**2 - 3 + a**2 + 7*a - 4*a. Suppose 5*j + 15 = -10. What are the prime factors of y(j)?
7
Let w(z) = z**2 + z + 1. Let j be w(-2). Let u = 3 + -4. Let d = u + j. List the prime factors of d.
2
Let n(m) = m**2 + 5*m + 4. Let g be n(-5). Suppose -7 = g*w + 1. Let t(p) = 2*p**2 - 2. What are the prime factors of t(w)?
2, 3
Suppose -s = -36 + 13. What are the prime factors of s?
23
Suppose -7*v - 2*k = -3*v - 1280, 4*v + k - 1284 = 0. What are the prime factors of v?
2, 7, 23
Let d(x) = x + 1. Let o(z) = z**3 + z. Let w(r) = -2*d(r) + o(r). What are the prime factors of w(2)?
2
Suppose 3*d = 3*a - 96, -2*a = -3*d - 68 + 8. Suppose y + a = 5*y. List the prime factors of y.
3
Suppose h - 35 = -s, 0 = 3*h + s + 3*s - 107. What are the prime factors of h?
3, 11
Suppose -4*x = 2*b - 50, -2*b + 36 + 14 = -x. List the prime factors of b.
5
Suppose 0 = -6*z + 63 + 51. What are the prime factors of z?
19
Let j(i) = i**3 + 5*i**2 + 6. Let x be j(-5). Suppose -l + 0*l = -0*l. Let t = l + x. What are the prime factors of t?
2, 3
List the prime factors of 29/9 + 16/(-72).
3
Let f be (-291)/(-33) + (-4)/(-22). List the prime factors of 1*f + (-2 - 0).
7
Let h(s) = s**3 - 7*s**2 - 7*s - 8. Let i be h(8). Suppose i = -2*g + 6*g - 16. What are the prime factors of (10/g + -2)*22?
11
Suppose 19 = 2*w - 395. List the prime factors of w.
3, 23
Let y be 0/(-4) + 2 + 94. Suppose 4*x = y - 36. What are the prime factors of x?
3, 5
Let x = -7 - -10. Let t = 7 - x. List the prime factors of t.
2
Suppose 0 = -4*o + 4*f + 40, -16 - 13 = -2*o - f. List the prime factors of o.
13
What are the prime factors of (0 - 2) + (81 - 8/2)?
3, 5
Suppose -7 = 3*k - 4*h, 4*k - h = -0*h - 5. Let w = 7 + k. What are the prime factors of w?
2, 3
Suppose -4*y = -2*y - 34. List the prime factors of y.
17
Let h be (2/(-4) + 0)*0. Let i = 49 + -29. Suppose -i = -2*g - 4*o, 4*g - 4*o - 40 = -h*o. What are the prime factors of g?
2, 5
Let i = 5 + 0. Suppose -i*n = -n - 40. List the prime factors of n.
2, 5
List the prime factors of ((-7)/(-2))/(6/96).
2, 7
Suppose 0*v = 5*v - 430. What are the prime factors of v?
2, 43
Suppose 0 = -4*z + z - 15. Let v(y) = y**3 + 6*y**2 + 5*y + 2. Let c be v(z). Suppose -4*w - 46 = -3*s, c*s + w - 6 = 10. List the prime factors of s.
2, 5
Let h(k) = 3*k. Let o be h(1). Let s be 77/28 + o/(-4). List the prime factors of 7 - (-2 - (-3 + s)).
2
Suppose 3*q = -l - 0*l + 83, -4*q - 8 = 0.